{"id":151,"date":"2023-03-03T22:09:50","date_gmt":"2023-03-03T22:09:50","guid":{"rendered":"http:\/\/pallotyni.ostroleka.pl\/wp\/?page_id=151"},"modified":"2024-09-19T17:53:13","modified_gmt":"2024-09-19T17:53:13","slug":"i-komunia","status":"publish","type":"page","link":"https:\/\/pallotyni.ostroleka.pl\/?page_id=151","title":{"rendered":"I Komunia"},"content":{"rendered":"\n<p class=\"has-big-font-size\"><strong>Termin<\/strong>:<\/p>\n\n\n\n<p class=\"has-big-font-size\"><strong> 11 maja 2025 r., godz. 10.00<\/strong><\/p>\n\n\n\n<p class=\"has-big-font-size\"><strong>Rocznica:<\/strong><\/p>\n\n\n\n<p class=\"has-big-font-size\"><strong> 18 maja 2025 r., godz. 11.30<\/strong><\/p>\n\n\n\n<p class=\"has-big-font-size\"><strong>Spotkania formacyjne<\/strong>:<\/p>\n\n\n\n<p class=\"has-big-font-size\">&#8211; G\u0142\u00f3wne przygotowanie odbywa si\u0119 w domu rodzinnym<\/p>\n\n\n\n<p class=\"has-big-font-size\">&#8211; Katecheza w szkole<\/p>\n\n\n\n<p class=\"has-big-font-size\">&#8211; Msza w ka\u017cd\u0105 niedziel\u0119 o 11.30<\/p>\n\n\n\n<p class=\"has-base-color has-text-color has-background has-big-font-size\" style=\"background-color:#ffffff00\"><strong><u><a href=\"http:\/\/www.rozaniecrodzicow.pl\/?o=index\">R\u00f3\u017ca&nbsp;R\u00f3\u017ca\u0144cowa&nbsp;Rodzic\u00f3w<\/a><\/u><\/strong><\/p>\n","protected":false},"excerpt":{"rendered":"<p>Termin: 11 maja 2025 r., godz. 10.00 Rocznica: 18 maja 2025 r., godz. 11.30 Spotkania formacyjne: &#8211; G\u0142\u00f3wne przygotowanie odbywa si\u0119 w domu rodzinnym &#8211; Katecheza w szkole [&hellip;]<\/p>\n","protected":false},"author":2,"featured_media":0,"parent":0,"menu_order":0,"comment_status":"closed","ping_status":"closed","template":"","meta":{"footnotes":""},"class_list":["post-151","page","type-page","status-publish","hentry"],"jetpack_sharing_enabled":true,"_links":{"self":[{"href":"https:\/\/pallotyni.ostroleka.pl\/index.php?rest_route=\/wp\/v2\/pages\/151","targetHints":{"allow":["GET"]}}],"collection":[{"href":"https:\/\/pallotyni.ostroleka.pl\/index.php?rest_route=\/wp\/v2\/pages"}],"about":[{"href":"https:\/\/pallotyni.ostroleka.pl\/index.php?rest_route=\/wp\/v2\/types\/page"}],"author":[{"embeddable":true,"href":"https:\/\/pallotyni.ostroleka.pl\/index.php?rest_route=\/wp\/v2\/users\/2"}],"replies":[{"embeddable":true,"href":"https:\/\/pallotyni.ostroleka.pl\/index.php?rest_route=%2Fwp%2Fv2%2Fcomments&post=151"}],"version-history":[{"count":7,"href":"https:\/\/pallotyni.ostroleka.pl\/index.php?rest_route=\/wp\/v2\/pages\/151\/revisions"}],"predecessor-version":[{"id":874,"href":"https:\/\/pallotyni.ostroleka.pl\/index.php?rest_route=\/wp\/v2\/pages\/151\/revisions\/874"}],"wp:attachment":[{"href":"https:\/\/pallotyni.ostroleka.pl\/index.php?rest_route=%2Fwp%2Fv2%2Fmedia&parent=151"}],"curies":[{"name":"wp","href":"https:\/\/api.w.org\/{rel}","templated":true}]}}

<p class="has-big-font-size"><strong>Termin</strong>:</p>



<p class="has-big-font-size"><strong> 11 maja 2025 r., godz. 10.00</strong></p>



<p class="has-big-font-size"><strong>Rocznica:</strong></p>



<p class="has-big-font-size"><strong> 18 maja 2025 r., godz. 11.30</strong></p>



<p class="has-big-font-size"><strong>Spotkania formacyjne</strong>:</p>



<p class="has-big-font-size">&#8211; Główne przygotowanie odbywa się w domu rodzinnym</p>



<p class="has-big-font-size">&#8211; Katecheza w szkole</p>



<p class="has-big-font-size">&#8211; Msza w każdą niedzielę o 11.30</p>



<p class="has-base-color has-text-color has-background has-big-font-size" style="background-color:#ffffff00"><strong><u><a href="http://www.rozaniecrodzicow.pl/?o=index">Róża&nbsp;Różańcowa&nbsp;Rodziców</a></u></strong></p>

<p>Termin: 11 maja 2025 r., godz. 10.00 Rocznica: 18 maja 2025 r., godz. 11.30 Spotkania formacyjne: &#8211; Główne przygotowanie odbywa się w domu rodzinnym &#8211; Katecheza w szkole [&hellip;]</p>
