{"id":156,"date":"2023-03-04T10:17:19","date_gmt":"2023-03-04T10:17:19","guid":{"rendered":"http:\/\/pallotyni.ostroleka.pl\/wp\/?page_id=156"},"modified":"2025-05-10T07:32:52","modified_gmt":"2025-05-10T07:32:52","slug":"156-2","status":"publish","type":"page","link":"https:\/\/pallotyni.ostroleka.pl\/?page_id=156","title":{"rendered":"Historia ko\u015bcio\u0142a"},"content":{"rendered":"\n<p class=\"has-big-font-size\"><strong>Ko\u015bci\u00f3\u0142 p.w. \u015bw. Wojciecha Biskupa i\u00a0M\u0119czennika<\/strong><br>\u00a0<br>W 1888 roku na terenie Wojciechowic rz\u0105d carski wybudowa\u0142 dla wojska koszary, do kt\u00f3rych przeni\u00f3s\u0142 14. pu\u0142k G\u0142uchowski z Przasnysza oraz 10. batalion dla saper\u00f3w. Dla tych \u017co\u0142nierzy w 1890 r. zosta\u0142a wybudowana cerkiew pod wezwaniem \u015bw. Piotra i Paw\u0142a. W 1915 r. Rosjanie opu\u015bcili Ostro\u0142\u0119k\u0119. W tym te\u017c roku po zdobyciu Ostro\u0142\u0119ki cerkiew zosta\u0142a zamieniona na zb\u00f3r protestancki. Potem s\u0142u\u017cy\u0142a Niemcom jako magazyn.<br>\u00a0<br>Dnia 26 maja 1921 r. do Wojciechowic przyby\u0142 5. Pu\u0142k U\u0142an\u00f3w Zas\u0142awskich z Glinian pod Lwowem. Pu\u0142kownik Spirydion Koiszewski wyda\u0142 rozkaz, aby cerkiew adaptowa\u0107 na ko\u015bci\u00f3\u0142 garnizonowy, rzymskokatolicki. W czasie okupacji niemieckiej ko\u015bci\u00f3\u0142 s\u0142u\u017cy\u0142 jako magazyn dla wojska niemieckiego. Po wojnie natomiast, od 1945 r., ko\u015bci\u00f3\u0142 ten sta\u0142 pusty. Od 1958 r. mieszka\u0142 w Wojciechowicach ks. J\u00f3zef Kaczy\u0144ski jako administrator ko\u015bcio\u0142a, gdzie prowadzono duszpasterstwo miejskie.<br>\u00a0<br>W roku 1974 do Ostro\u0142\u0119ki przybyli pallotyni, kt\u00f3rym powierzono prac\u0119 duszpastersk\u0105 i opiek\u0119 nad mieszka\u0144cami Wojciechowic\u00a0przy ko\u015bciele \u015bw. Wojciecha biskupa i m\u0119czennika. Parafi\u0119 jako wsp\u00f3lnot\u0119 administracyjn\u0105 powo\u0142ano do istnienia w roku 1981. \u00d3wczesny biskup \u0142om\u017cy\u0144ski Miko\u0142aj Sasinowski\u00a0ko\u015bci\u00f3\u0142 wraz z nowo powsta\u0142\u0105 parafi\u0105 przekaza\u0142 w opiek\u0119 <strong>Stowarzyszeniu Apostolstwa Katolickiego<\/strong> (SAC), czyli <strong>pallotynom<\/strong>.<\/p>\n","protected":false},"excerpt":{"rendered":"<p>Ko\u015bci\u00f3\u0142 p.w. \u015bw. Wojciecha Biskupa i\u00a0M\u0119czennika\u00a0W 1888 roku na terenie Wojciechowic rz\u0105d carski wybudowa\u0142 dla wojska koszary, do kt\u00f3rych przeni\u00f3s\u0142 14. pu\u0142k G\u0142uchowski z Przasnysza oraz 10. batalion [&hellip;]<\/p>\n","protected":false},"author":2,"featured_media":0,"parent":0,"menu_order":0,"comment_status":"closed","ping_status":"closed","template":"","meta":{"footnotes":""},"class_list":["post-156","page","type-page","status-publish","hentry"],"jetpack_sharing_enabled":true,"_links":{"self":[{"href":"https:\/\/pallotyni.ostroleka.pl\/index.php?rest_route=\/wp\/v2\/pages\/156","targetHints":{"allow":["GET"]}}],"collection":[{"href":"https:\/\/pallotyni.ostroleka.pl\/index.php?rest_route=\/wp\/v2\/pages"}],"about":[{"href":"https:\/\/pallotyni.ostroleka.pl\/index.php?rest_route=\/wp\/v2\/types\/page"}],"author":[{"embeddable":true,"href":"https:\/\/pallotyni.ostroleka.pl\/index.php?rest_route=\/wp\/v2\/users\/2"}],"replies":[{"embeddable":true,"href":"https:\/\/pallotyni.ostroleka.pl\/index.php?rest_route=%2Fwp%2Fv2%2Fcomments&post=156"}],"version-history":[{"count":3,"href":"https:\/\/pallotyni.ostroleka.pl\/index.php?rest_route=\/wp\/v2\/pages\/156\/revisions"}],"predecessor-version":[{"id":1129,"href":"https:\/\/pallotyni.ostroleka.pl\/index.php?rest_route=\/wp\/v2\/pages\/156\/revisions\/1129"}],"wp:attachment":[{"href":"https:\/\/pallotyni.ostroleka.pl\/index.php?rest_route=%2Fwp%2Fv2%2Fmedia&parent=156"}],"curies":[{"name":"wp","href":"https:\/\/api.w.org\/{rel}","templated":true}]}}